. Suppose 26 = -4*t + i. Suppose -2*g - 8 + 36 = 0. What is the remainder when g is divided by t?
6
Suppose 3*b - 15 = -z, z = 5*b - 66 + 49. What is the remainder when 152 is divided by (2/z)/(46/3243)?
11
Suppose 0 = 23*d + 164 + 181. What is the remainder when 2 - (1 + -3 - 22) is divided by (0 + -3)*5/(d/9)?
8
Let z(g) = -82*g**3 + 9 + 81*g**3 - 11 + 7*g**2 + 9*g. Calculate the remainder when z(5) is divided by 24.
21
Suppose o - 4*q - 12 = 12, -o + 3*q = -25. Suppose -13*n + o = -180. What is the remainder when 61 is divided by n?
13
Suppose -4*x = 20, -3*x + 18 = m - 13. What is the remainder when 173 is divided by m?
35
Let m(r) = r**2 + 5*r. Let k(j) = -j**3 - 3*j**2 - 2*j + 53. Calculate the remainder when k(0) is divided by m(-7).
11
Let q be 12116/234 + 2/9. Suppose -g + 0*p - 5*p + 19 = 0, q = 4*g - 4*p. What is the remainder when g is divided by (-9)/(-12)*16/3?
2
Let k(a) be the second derivative of a**5/20 - 5*a**4/6 - 4*a**3/3 + a**2/2 - 2*a. Let p = -569 - -633. Calculate the remainder when p is divided by k(11).
30
Let q(g) = -g**2 + 5*g + 7. What is the remainder when 3780 is divided by q(3)?
10
Suppose 534*x - 521*x = 1014. What is the remainder when 2300/(-30)*3*-1 is divided by x?
74
Suppose 0 = 3784*d - 3724*d - 400020. What is the remainder when d is divided by 29?
26
Let w(q) = -q**2 - 24*q + 46. Let b be 15/(-40) + (-519)/24. What is the remainder when w(b) is divided by 12?
6
Let q = 292 + -237. Suppose 0 = -2*b + 41 + q. Calculate the remainder when 131 is divided by b.
35
Let g(d) be the second derivative of -4*d**2 + 0 - 15*d + 5/6*d**4 + d**3 + 1/20*d**5. Calculate the remainder when g(-6) is divided by 17.
15
Let y(o) = 300*o**2 - 26*o - 39. Calculate the remainder when y(-2) is divided by 11.
3
Suppose 46 = 4*l + 2*z, 0*z = 2*l - 4*z - 48. Let q(j) = 41*j - 47. Calculate the remainder when q(2) is divided by l.
7
Suppose 4*u = 5*r - 1114, -5*u - 267 = -2*r + 1134. Let v = 479 + u. What is the remainder when v is divided by 20?
18
Let j(s) = s**3 - 14*s**2 - 11*s - 20. Let f be j(15). Suppose -3*y - 5*z + 4 = 0, 4*y - 2*z = -0*y + f. What is the remainder when 75 is divided by y?
3
Let w(n) = -70*n - 201. Let r be w(-3). Suppose r*z - 90 = 63. Calculate the remainder when (-4)/10 + 434/10 is divided by z.
9
Suppose 706*y + 7 = 707*y. Calculate the remainder when 670 is divided by y.
5
Let z be (-15 - -55)*(-24)/(-10). Suppose 0 = -4*u - d + 86, 5*d + z = 4*u + d. What is the remainder when u is divided by 13?
9
Let h(i) = i**3 + 16*i**2 + 39*i + 169. What is the remainder when 6013 is divided by h(-14)?
13
Let m = -67 + 70. Suppose 4*s - 52 = -4*j, -19*j - m*s = -15*j - 49. Let o = 23 - 4. What is the remainder when o is divided by j?
9
Let z(o) = o + 294. Calculate the remainder when z(121) is divided by 2.
1
Let h = 8346 - 8319. Calculate the remainder when 399 is divided by h.
21
Let x = 2 + 18. Suppose 0 = -5*o, -10*c + 12*c + o - x = 0. What is the remainder when 59 is divided by c?
9
Let s(k) = 8*k - 33. Let x(p) = 40*p - 167. Let u(w) = -11*s(w) + 2*x(w). Let y be u(-22). Let a = -154 + y. What is the remainder when 151 is divided by a?
49
Suppose 0 = -7*m + 4*m + 414. Let q = m - 136. Suppose 0 = -q*y + 67 - 21. Calculate the remainder when 61 is divided by y.
15
Suppose -220*h + 215*h = -15. Let j(f) = -16*f + 59. What is the remainder when 53 - (-1 - -1)*1 is divided by j(h)?
9
Let h(r) = -r**2 + 25*r + 4. Let m be 2 + (-38)/(-6) - 11/33. Let g be h(m). Suppose 8*l = 3*l + g. Calculate the remainder when 81 is divided by l.
25
Let g = 602 - 364. Calculate the remainder when 144 is divided by 12/(-16) - g/(-8).
28
Let s be 132/(-7*12/(-42)). Suppose 71*p - 74*p = -s. Suppose -3*b + 11 = -7. What is the remainder when p is divided by b?
4
Suppose 0 = 5*x - p - 94, -5*p = -0*x + 3*x - 34. Suppose -273*g = -267*g + 6. Let r(l) = 4*l**2 - l. What is the remainder when x is divided by r(g)?
3
Let m(i) = 2*i**3 + 86*i**2 + i + 206. Calculate the remainder when m(-43) is divided by 81.
1
Calculate the remainder when 2393 + (7 + -21 - -13) is divided by 57.
55
Let q = 0 - -21. Let n(g) = g**3 - 21*g**2 + 2. Let y be n(q). Suppose -y*i = -3 - 39. What is the remainder when 59 is divided by i?
17
Let g(s) = -s**3 - 22*s**2 + 2*s + 33. Let k be g(-22). Let u(d) = -2*d**2 - 26*d - 38. Calculate the remainder when 34 is divided by u(k).
4
Let s = -152788 - -152798. Let x(o) be the third derivative of o**5/30 + o**4/24 + o**3/3 + 2*o**2. Calculate the remainder when x(-6) is divided by s.
8
Suppose -5*x - 142 = -7*x. Suppose -2*n - 91 = -2*a - a, 150 = 5*a - 3*n. Suppose -87 = -4*h - a. Calculate the remainder when x is divided by h.
11
Let j(s) be the third derivative of 11*s**4/12 - s**3/6 + 118*s**2. Let t = -5 - -6. Calculate the remainder when 37 is divided by j(t).
16
Suppose 4*i - 2*f - 84 = -5*f, 4*i + 2*f = 88. Suppose 0 = -3*h + 2*m + 29, 18*m + 32 = 4*h + 22*m. Calculate the remainder when i is divided by h.
6
Suppose -4*m + 12 = -m. Suppose -p = -3*f - 234, -8*f - 240 = -p - 3*f. Let c = -220 + p. What is the remainder when c is divided by m?
1
Let h(z) = z**3 + 2*z**2 - 2*z. Let r be h(1). Calculate the remainder when 230 is divided by (-157)/(-4) + 15/(-12) + r.
35
Let r(o) = -8 + o + 1 + 0 - 11*o. What is the remainder when r(-3) is divided by -7 + (-20 + 24)/(4/22) + -2?
10
Suppose 4*g - 353 = w, 0 = -5*g + 4*w + 174 + 270. Calculate the remainder when g is divided by 17.
3
Let n = -9234 - -9249. Let d = 146 - -3. Calculate the remainder when d is divided by n.
14
Let s(o) = -16*o + 9. Let a be s(-4). Suppose -y + 49 + a = -2*v, 5*y + 3*v = 558. Suppose -y = -143*w + 140*w. Calculate the remainder when w is divided by 13.
12
Suppose -h = 15*k - 200, 44*k - 46*k + 36 = 2*h. Suppose 0*n + 456 = 4*n - 4*v, -v = 4*n - 451. Calculate the remainder when n is divided by k.
9
Calculate the remainder when (3/2*7172/33)/(21 + -19) is divided by 123.
40
Let j(k) = -26*k**3 + 184*k**2 - 11*k + 9. Let r(z) = 37*z**2 - 1. Calculate the remainder when r(-2) is divided by j(7).
27
Suppose 63 = 3*v - 5*j, 20 = v + 21*j - 23*j. What is the remainder when 33 is divided by v?
7
Suppose 2*k = 25 + 31. Calculate the remainder when 1 - -50*-3*-4*2/24 is divided by k.
23
Suppose 46*s = -104*s + 19500. Calculate the remainder when 2338 is divided by s.
128
Let r(l) = -44*l - 1. Suppose 3*b = 340*t - 338*t - 28, -3*b = 6. Calculate the remainder when r(-2) is divided by t.
10
Let x(q) = -q**2 - 5*q - 1. Let m be x(-11). Let d = 84 + m. Suppose -235 - 101 = -4*n. Calculate the remainder when n is divided by d.
16
Suppose 2*t = 3*p - 11, 2*p = -3*t - t + 2. Let v be -1 - (1 + -441) - 1/t. Suppose -40 = 4*r - v. Calculate the remainder when r is divided by 52.
48
Let d = -144 + 694. Suppose -5*n + 590 = 5*q, -d - 52 = -5*q - 2*n. What is the remainder when q is divided by 9?
5
Let v = 2729 - 2664. What is the remainder when 199 is divided by v?
4
Suppose -45311 - 30289 = -280*s. Calculate the remainder when 857 is divided by s.
47
What is the remainder when 1806/14*(-1 - (-49)/21) is divided by 100?
72
Suppose -3*k = 5*v - 1264, 4*v - 7*k = -2*k + 989. Suppose 240 = l - v. Suppose 0 = 7*w + 85 - l. Calculate the remainder when w is divided by 21.
16
Let x = -957 + 2983. What is the remainder when x is divided by 39?
37
Let l = -14203 - -14209. What is the remainder when 139 is divided by l?
1
Let i(o) = o**2 + o - 4. Let p be i(2). Let y = -34 + 53. What is the remainder when y is divided by (p + 9)*(-3 + 4)?
8
Let j = -263 - -340. Suppose y = -m + 20, 0*y - 4*m = -5*y + 118. Suppose o = 5*b + 46, -2*b - 2*b + y = 2*o. Calculate the remainder when j is divided by o.
14
Let g(y) = 3*y + 31 + 6*y**2 - 11*y - 4*y**2. Calculate the remainder when 120 is divided by g(5).
38
Calculate the remainder when 322 is divided by 138/(-4)*(2/15)/(6/(-300)).
92
Calculate the remainder when 752 is divided by 41 - (-16 - (-12 + 9)).
50
Let b = 1112 - 1054. Calculate the remainder when 332 is divided by b.
42
What is the remainder when 2*(-2 + -2) - (-12 + -3186 + -5) is divided by 40?
35
Let w(r) be the second derivative of 11*r**4/12 + r**3/6 + r**2 + 6*r. Let q be w(-1). Suppose 87*s = 84*s + q. What is the remainder when 9 is divided by s?